 (-31 - -75) - 43.
33
Evaluate 8 - (59 - 39) - (-1 - 1).
-10
What is the value of 0 - -1 - (2 + 2 + -19 + -13)?
29
Calculate 45 + -19 - (4 + 27).
-5
What is the value of 3 - (-4 - (-29 + 9))?
-13
Calculate (-3 - (-1 - (-2 - -1)) - 12) + 5.
-10
What is (1 - 23) + 249 + -234 - -14?
7
Calculate -11 + -13 + 9 + 51 + 0.
36
Calculate -9 + (-8 + 5 + 6 - -12).
6
What is the value of (53 - 69) + (-2 - (0 - 5 - 0))?
-13
20 + -3 + -13 - 26
-22
2 + 1 - (486 + -472)
-11
-5 - (15 - 16) - -14
10
Evaluate 0 + -11 + -14 + 21 + -2.
-6
What is -1 - -16 - 0 - 21?
-6
13 + (7 - (11 - 7)) + -27
-11
What is the value of (-4 + 21 - 16) + 21?
22
What is the value of (-83 - -83) + (1 - 3) + 2 + 6?
6
Evaluate -7 - (-70 - -24 - (2 + -14)).
27
-19 - (2 - 4) - (-2 - (1 + -6))
-20
Calculate 1 + (55 - 51 - (1 - -1)).
3
6 - -1 - (-5 + (-6 - -8) + -4)
14
What is the value of -7 + -11 + 16 - -4?
2
What is -3 - -16 - ((6 - 1) + (13 - 13))?
8
Evaluate 1 + 0 + (-4 - -5) - (1 - 3).
4
What is the value of (0 + -1 - -25) + (-568 - -564) + 8?
28
What is (-45 - 2) + (26 - 8 - 4)?
-33
7 + -2 + (-8 - -8)
5
What is (10 - 12) + (-8 - (8 + -20))?
2
What is -42 + 21 + 13 + 1 + 17?
10
What is the value of 9 + (2 - (-11 + (-2 - -33)))?
-9
What is the value of 15 + 0 + 2 - (70 + -51)?
-2
What is the value of 13 - 8 - 29 - -5?
-19
Evaluate (-7 - -5) + 29 + -12.
15
Evaluate (-11 - (-9 + -1)) + -2 + 10.
7
What is 2 + -9 + (-16 - 10 - (0 + -12))?
-21
Evaluate (3 - ((1 - 1) + 0)) + (-338 - -341).
6
Evaluate 23 + -13 + -4 - (-3 - -10).
-1
Evaluate -18 + (3 - 1) + 49 + -45.
-12
Evaluate -1 - ((-1 - 19) + 24 + -26 + -5).
26
Evaluate (-5 - 9 - -8 - (1 - 11)) + -3.
1
Evaluate -11 + -12 - (13 + -8 + 6).
-34
What is the value of (2 - 1) + (4 - (3 - (4 - -4)))?
10
What is the value of 5 - 0 - (16 - (8 + 12) - -7)?
2
What is (3 - 0) + 19 + -13 + -6 + -4?
-1
What is 3 + -1 + 3 + (-156 - -152)?
1
What is -2 - (9 + -31 + 10 + 1)?
9
Evaluate (-1 - -7) + (-7 - -3) + 6.
8
10 - (21 - -9) - (-7 + -28)
15
What is the value of 1 - ((-6 - -6) + 9)?
-8
What is 30 - (-29 - -36 - 3)?
26
-27 - (26 + -31 - 12)
-10
What is the value of (-185 - -156) + -3 + 1 + 11 + 1?
-19
What is the value of 5 - (4 + (0 + -7 - -6 - 0))?
2
What is the value of (3 - -11 - 8) + -1 + -7?
-2
What is the value of 2 - -11 - 5 - 19?
-11
What is -5 - 6 - (172 + -198)?
15
Calculate 17 + -3 - ((1 - 8) + 16).
5
What is the value of (-1 - 3) + -3 + 3 + (33 - 18)?
11
Calculate (-7 + 27 + -20 - (7 - -2)) + 40.
31
What is 6 + -17 + 14 + 7?
10
19 + -3 + 16 + -49
-17
Evaluate 12 - 22 - (2 - 7) - 0.
-5
What is the value of -17 + (6 - (3 - 1)) + -12 + 12?
-13
What is (-3 - -2 - 0) + (21 - -16)?
36
Evaluate 12 - (2 - -3) - (21 + -2).
-12
Evaluate -12 + -3 - 5 - -11.
-9
Calculate -2 + 0 + (16 - -16) + -17.
13
What is 0 + 1 - (5 + -10 + 8 - -3)?
-5
-8 - (-1 + 2 - (-4 + 4 - 4))
-13
-3 + -20 - (63 - 76)
-10
7 - (((9 - 6) + -4 - 1) + 22)
-13
What is -7 + (-2 - (-19 - -17))?
-7
Evaluate 6 - (9 + (7 + -14 - -13)).
-9
5 + 22 + (-144 - -103)
-14
What is the value of (0 - 2 - -10) + 31 + -50?
-11
Evaluate -5 + 29 + -4 + 1 + -3 + -5.
13
Evaluate (2 - -6 - 11) + (-5 - 2).
-10
What is -28 + -10 + 23 + -1 + 3?
-13
(-542 - -539) + (22 - 2)
17
Evaluate -2 - 0 - (-3 + -20 + -2 - -7).
16
-17 + -5 - -25 - ((-1 - -1) + 24)
-21
4 + 0 + -104 + 109
9
Evaluate 4 + 2 - ((20 - 7) + -5).
-2
What is -8 + (15 - (6 + -9 - -7))?
3
What is (-1 + -7 - 1) + -37 + (9 - -33)?
-4
Evaluate 17 - 27 - 5 - -19.
4
What is 12 - 11 - (-10 + 2 - -2)?
7
Calculate (1 + -2 - -7) + 154 + -74 + -52.
34
What is (6 - -2 - 3) + (1 + 1 - 23)?
-16
Calculate -7 - (-7 - -7 - 0) - -7 - 1.
-1
What is -3 - 5 - (10 + -16) - -12?
10
(-7 - (-14 + -3)) + -27
-17
Evaluate -956 + 915 - (1 + -27).
-15
Calculate -11 + (-2 + 8 - 8) - -3.
-10
What is 7 + 0 + (9 - 2) + (-85 - -82)?
11
Calculate -1 + -3 + -156 + 150.
-10
What is the value of (26 - (2 + 8)) + (-10 - -20)?
26
What is 1 + -8 + (-2 - -16) + -16?
-9
What is the value of 10 - (11 + -1 + -1 + -35 + -3)?
39
(-1 - -30) + (-328 - -307)
8
What is the value of (-1 - -13) + (3 - -12 - (9 - -13))?
5
Evaluate 3 + (-6 - (6 - 12)) + 0.
3
What is the value of 7 + -7 + -13 - -10?
-3
0 + 9 - (3 + (-20 - -6))
20
What is the value of 14 + (9 + -5 - 6)?
12
What is the value of -18 - (0 - (16 + -7)) - -8?
-1
What is the value of (45 + -50 + 7 - (-1 + 5)) + 29?
27
Evaluate 2 - (-25 + -15) - 78.
-36
-39 - -14 - (10 - 28)
-7
(-19 - 2) + 11 + -4
-14
What is the value of -36 + 15 + (3 - -12)?
-6
Calculate 6 + (49 + -37 - (-1 + 12)).
7
Evaluate 28 + (-87 - -31) + 2.
-26
What is the value of (2 - 10 - -21 - -9) + -7?
15
-10 + -12 + (25 - -13)
16
(10 - 4) + -5 + (3 - -2) + 5
11
What is 11 + -21 + 1 + 7?
-2
Evaluate -1 - (16 + 5 + -17).
-5
What is 9 + 5 + -18 - (34 - 11)?
-27
Calculate 15 + -16 + -3 - -8.
4
What is 37 - (-8 + (98 - 84 - (0 + 4)))?
35
What is 33 + (30 - 131) - -38?
-30
What is the value of 28 - (-7 - 5) - (3 + 8) - 2?
27
Calculate 3 - (-2 - 1 - (-6 + (19 - 10))).
9
Evaluate (-1 - 7) + 1 + 6.
-1
Evaluate -57 + (1 - (5 + -10)) - (9 - 21).
-39
Calculate (284 - 282) + 1 + -5.
-2
Calculate -58 - -20 - -31 - (1 + -15).
7
-235 + 231 - (-3 + -22)
21
What is the value of -6 - (4 + (2 - (12 + 0 - 6)))?
-6
What is the value of 128 + -154 + (2 - 1 - 10) + 6?
-29
Evaluate (4 - 5) + -2 + (-2 - -5) + 6.
6
What is the value of 5 + -18 + 1 + -10 + 10 + -6?
-18
What is (13 - 0) + (-42 - -42)?
13
Evaluate -116 - -108 - (-18 - 0).
10
What is (3 - 16 - (-2 - -2)) + (305 - 309)?
-17
-13 + 44 - 39 - (3 + 0)
-11
49 + -54 - (6 + (13 - 3))
-21
Calculate 0 + 6 + -12 + -1.
-7
What is -43 + 50 + 1 + 1 + (-14 - -12)?
7
What is 9 - (10 - ((1 - 7) + -8))?
-15
7 + -19 + 0 + 12
0
Evaluate 0 + -23 - (112 - 127).
-8
What is (12 - 0) + (184 - 209)?
-13
What is the value of 20 + -21 + -6 + 17?
10
What is 11 - (-1 + (-20 + 6 - -13))?
13
What is (3 - 5 - (-10 - 0)) + (3 - 0)?
11
What is the value of (5 - (-9 + 10 + 8)) + 8?
4
Evaluate -1 + (3 - 7) + 8 + 5 + -4.
4
(0 - -10) + (-15 + -9 - -17)
3
What is the value of 12 + 0 + (-45 - -36) - 16?
-13
What is -5 - (3 + -19) - (4 - -2)?
5
Calculate (5 - (-7 - (-13 + 4))) + -6.
-3
Calculate -2 + -1 + 9 + -51 + -47 + 72.
-20
What is -31 - (-20 - 24) - 42?
-29
Evaluate -23 - (-4 + 1 + -9 + 9 - 1).
-19
What is the value of -18 - -57 - (23 + -16 + 6)?
26
Calculate -21 + 0 + (-26 - (-14 - 2)).
-31
(-5 - -21 - -21) + -44
-7
What is the value of 16 + (-19 + 21 - 29)?
-11
Calculate -24 + (0 - -4) + (-15 - -6).
-29
What is the value of (7 - (-8 + 6)) + (-5 - -7 - 13)?
-2
Calculate -2 + 21 - (39 - 18).
-2
5 - (-1 + (-15 - (-2 + 0 - 3)))
16
Evaluate 24 - (-6 - ((-10 - -1) + (0 - 3))).
18
What is (-12 - (-56 + 35)) + 0 + -12?
-3
Evaluate 1 + -2 + (-3 + 0 - 11) + 8.
-7
What is the value of 17 - 22 - (-5 - -2) - (0 - 5)?
3
Evaluate -1 - -2 - (6 - 7 - 1).
3
What is 25 - 0 - 31 - (-1 - (0 - 8))?
-13
What is -23 + (20 + -26 - 0)?
-29
What is the value of -23 + (0 - (-12 + -3 + 17))?
-25
What is (0 - (-1 + 0)) + -4 + 5255 + -5218?
34
What is 15 + -2 - (-13 + -13 + 46)?
-7
-4 + -5 + 0 - (2 + -3 + 2)
-10
-13 + -11 + (0 + 15 - 0)
-9
What is the value of -62 + 65 - (0 - -30)?
-27
9 + -9 + -2 + -3 + 2 + -8
-11
Calculate 7 - (39 + (-11 + 2 - -1)).
-24
23 + (10 - 20 - 5)
8
2 - 1 - (-91 + 108)
-16
What is 14 + -20 + (0 - -11) + (6 - 0)?
11
(-6 + -19 + -9 - 7) + (7 - 6)
-40
Evaluate 43 + 6 + -3 - (68 - (42 - -20)).
40
-23 + (-12 - -29) - (-16 + 1)
9
-105 + 95 + (0 - -5)
-5
What is (-12 - -1) + (-1 - -1) + 228 + -233?
-16
What is the value of (-8 - -1) + (0 + 11 + -13 - 4)?
-13
Evaluate -2 - ((-8 - -3) + (-4 - 9)).
16
What is the value of (-10 - -3) + 2 + 3 + 6?
4
What is (0 - 12) + 34 + -72 + 45?
-5
What is -18 + -33 + (71 - 13)?
7
-5 + (3 - -8) + -14 + 10
2
Calculate (2 - 15) + (18 - -3).
8
What is -18 + 4 + -7 + (-7 - 2)?
-30
(2 - ((4 - -7) + -3)) + -1
-7
What is 4 + 5 + -8 - (2 - 8)?
7
Calculate 8 + -31 + 16 + (16 - (-1 + 0)).
10
8 + (6 - 20 - 8)
-14
Calculate -2 + 17 + (-14 - -7 - -1 - 0).
9
Evaluate -22 - -10 - (12 + 1).
-25
What is the value of 2 - ((13 - 8) + 14)?
-17
What is the value of (8 - 10 - -24) + -14?
8
What is the value of 1 - (13 + -4 + (-6 - 0) + 2)?
-4
Calculate (1 + 12 - (-7 - -10)) + (285 - 267).
28
What is 139 + -169 - (-16 + 2 + 2)?
-18
-2 + (9 - 8) + (10 - -3)
12
What is the va